common factor of 18 and p.
9
Let l = 20 + -8. Suppose 0 = -p - 0 + 2. Suppose p*c + 0*c + 3*s = 177, 0 = 4*c + 2*s - 374. Calculate the greatest common factor of c and l.
12
Suppose -69 = -3*s - 3*d, 6*d = 2*s + 4*d - 34. Suppose -q + 102 = 2*t + 7, -t = -5*q - 75. What is the highest common factor of t and s?
10
Let r(q) = q**3 + 8*q**2 + 7*q + 2. Let n be r(-7). Suppose 2*i + 2*k = 5*i - 34, n*i = -3*k + 14. Calculate the greatest common factor of 15 and i.
5
Let m(t) = t**2 + 3*t + 4. Let y be m(-4). Let w(z) = -z**2 - 5*z + 7. Let v be w(-6). Calculate the greatest common factor of v and y.
1
Let k(j) be the second derivative of 13*j**3/6 + j**2 + 4*j. Let m be k(6). Calculate the highest common divisor of 32 and m.
16
Suppose 6 = -5*h + 26. Suppose 0 = 5*i + h - 154. What is the highest common divisor of i and 120?
30
Let k be 16/(-3) + (-10)/15. Let y = 31 + k. Calculate the greatest common factor of y and 200.
25
Suppose -6 = -4*z + 46. Let o(t) = 5*t + 1. Let x be o(5). Calculate the highest common divisor of z and x.
13
Let m = -4 + 3. Let i be (-1 - 44)/(-2 - m). What is the highest common divisor of 9 and i?
9
Suppose 1 = 3*j + 7. Let p be ((-3)/(-9))/(j/(-60)). What is the greatest common factor of 4 and p?
2
Let n(o) = 6*o**2 + 6*o - 3. Let w be n(-3). What is the greatest common divisor of w and 165?
33
Let y = 64 - 54. Calculate the greatest common factor of y and 110.
10
Let i(u) = -u**3 - 6*u**2 - 4*u - 2. Let c be i(-5). Let j = 63 + c. Suppose -2*o + 3*o - j = 0. What is the greatest common factor of o and 7?
7
Suppose 6*t + 270 = 7*t. Let i = -83 + t. What is the highest common divisor of 17 and i?
17
Let a = -376 - -236. Let v be 110/4*a/(-25). Calculate the highest common divisor of 14 and v.
14
Let w = 137 - 72. Calculate the greatest common divisor of 13 and w.
13
Let p = -7 + 11. Let x be ((-4)/5)/(p/(-50)). What is the highest common divisor of 50 and x?
10
Suppose -4 = -6*g + 2*g. Suppose -1 = -f + 6. Calculate the greatest common factor of f and g.
1
Suppose 34 = w + 10. Suppose -5*h - 4*s + 308 = 0, h - 2 = -s + 60. What is the highest common divisor of w and h?
12
Let y(q) = q. Let a be y(0). Let l = a + 13. Let i = 157 - 40. What is the highest common divisor of i and l?
13
Let v(g) = -10*g - g**3 - 6 - 9*g**2 - g**3 + 3*g**3. Let h be v(10). Let y be 66/4*(-4)/h. What is the highest common factor of y and 44?
11
Let v(w) = -w**3 + 6*w**2 + 8*w. Let d be v(6). Calculate the greatest common divisor of 6 and d.
6
Let w be 20/(-14)*(-3 + -4). What is the highest common factor of 10 and w?
10
Let n(u) be the third derivative of u**2 + 29/24*u**4 - 1/3*u**3 + 0*u + 0. Let x be n(2). Calculate the highest common divisor of x and 14.
14
Suppose 0 = -3*v - 5*d - 3, v + 2*d + 1 = -d. Let q be (-5)/(10/(-68)) - v. What is the highest common factor of 5 and q?
5
Let g = 0 + 1. Let m be 11/(g/1) + 2. Let f(w) = w + 22. Let r be f(-9). Calculate the highest common factor of m and r.
13
Let u be ((-1)/2)/1*-24. Suppose 0 = -c + 18 + 30. Suppose -6*g + 10*g = c. What is the highest common factor of u and g?
12
Let n(c) = -c**2 - 15*c - 7. Let t be n(-6). Suppose 5*o - t = -12. Calculate the greatest common divisor of o and 35.
7
Let k = -42 - -102. Let m(y) = -y**3 + 8*y**2 - 7*y. Let s be m(5). Calculate the highest common factor of k and s.
20
Let k be (-14 + 2)*3/(-2). What is the greatest common divisor of k and 12?
6
Let t be (-45 - (5 + -8))/(-1). Suppose -4*m + 66 = 8*d - 3*d, 2*d + 3*m = 25. Calculate the highest common factor of t and d.
14
Suppose 4*h = -3*g + 49, -h + 32 = 4*g - 4*h. Calculate the highest common divisor of g and 1.
1
Let l = -51 - -139. Let v = -53 + l. Calculate the greatest common divisor of v and 14.
7
Let x(y) = -y**2 - 7*y - 4. Let g be x(-5). What is the highest common factor of 2 and g?
2
Let w be 4/14 + (-36)/(-21). Let u(c) = 3*c**2 + 3 + 3*c - 2*c**w - 6. Let j be u(-6). Calculate the greatest common factor of 10 and j.
5
Suppose -4*w = 11 + 13. Let p = 5 + w. Let o be p*(-3 + 2 - 6). What is the highest common factor of o and 28?
7
Suppose 0 = m + 14 + 2. Let k = m + 9. Let o(b) = -3*b. Let n be o(k). What is the greatest common factor of 7 and n?
7
Let n be (-90)/(-3) + -4 - -2. What is the highest common divisor of n and 28?
28
Suppose 0 = g - 3*g - 8. Let w(x) be the second derivative of -x**3/2 + 3*x**2/2 + 2*x. Let m be w(g). Calculate the greatest common divisor of 135 and m.
15
Let a(j) = 17*j - 1. Suppose 5*u = 0, -u + 3 = -3*g + u. Let d be a(g). Let m be -1 - (d/2 + 0). Calculate the highest common factor of 40 and m.
8
Suppose c = -2*c + 9. Suppose -2*i + 3*h - 5 = 14, 4*h - 22 = i. Let a = c + i. What is the highest common divisor of 5 and a?
1
Let c be 2/4 - (-8)/(-16). Suppose c*x = x - 3. What is the highest common divisor of 6 and x?
3
Let b be 5/3 - (-2)/(-3). Let q be (-166)/(-8) + b/4. Let p = -276 - -283. What is the greatest common factor of p and q?
7
Let j be (12/(-5))/((-48)/160). Calculate the greatest common divisor of 88 and j.
8
Let m be ((-14)/(-4) - 5)*-50. Calculate the greatest common factor of 60 and m.
15
Let r = 70 + -29. Suppose -r = -3*o + 5*f, 5*o + 2*f - 7*f = 75. Calculate the greatest common factor of o and 187.
17
Suppose -f + 134 = -5*v, -3*v - 4*f - 81 + 19 = 0. Let l be (v/(-4))/(11/22). Calculate the greatest common factor of 65 and l.
13
Let d(b) = 2*b**2 + b - 3. Let l be d(-6). Calculate the greatest common divisor of l and 9.
9
Let a = 36 + -31. Calculate the highest common divisor of a and 10.
5
Suppose 4*p - 55 = -4*x + 5*x, 3*p + 2*x = 55. Suppose u - 11 = -4*j, 18 + p = 3*u - 4*j. What is the greatest common factor of 22 and u?
11
Let d be 1*-2 - 0 - -2. Suppose -4*i = 2*l - 16, d*i + 2*l = 3*i + 2. Let h = -25 - -39. Calculate the greatest common divisor of h and i.
2
Let g be 1/(-2)*(-30 + 6). Let c = g - 9. Let x be (-1 + 2)/(2/6). Calculate the highest common factor of c and x.
3
Suppose -3*t + 8 + 5 = 4*g, 5*t - 75 = 4*g. Suppose -5*l = -5*s - 245, 2*s - 4 = -3*l + 118. What is the highest common divisor of t and l?
11
Suppose -4*c - x + 431 = -3*c, -3*x = -2*c + 867. Calculate the highest common divisor of 54 and c.
54
Let t(b) = 1 + 0 + b + 6*b**2 + 2. Let x be t(-3). What is the greatest common factor of x and 18?
18
Let i be -1 + (14*3)/2. Let y be (8/16)/((-1)/(-10)). Calculate the greatest common divisor of y and i.
5
Suppose -2*c - 4*l = -24, -5*c - 32 = -8*c - 4*l. Calculate the greatest common divisor of 56 and c.
8
Let k be 3/9 - (-161)/21. What is the highest common factor of k and 4?
4
Let w(m) = 5*m - 3. Let r be w(3). Let y be ((-63)/r - -1)*-16. Suppose 3*t = 3*c + 2*t - y, 4*c - 4*t = 104. What is the greatest common divisor of 7 and c?
7
Let n = -4 + 9. Suppose -5*f = -n*j - 10, 2*j = -0*j. Suppose -2*b - 2 = f, 5*q - 68 = 4*b. Calculate the highest common divisor of q and 48.
12
Let a = -16 - -29. What is the greatest common divisor of 91 and a?
13
Suppose 0 = -3*t + 3, 4*b = 7*t - 6*t + 111. Calculate the highest common divisor of b and 140.
28
Let b = -45 + 113. Suppose 244 = 3*p - b. What is the highest common divisor of p and 13?
13
Suppose -3*h = 2*h - 5*u - 955, 0 = 4*h - 3*u - 761. What is the greatest common divisor of 47 and h?
47
Let c(g) = g + 2. Let h be c(3). Suppose 0 = 5*b + 4*n - 9*n - 5, -4*n = h*b - 50. What is the greatest common divisor of 12 and b?
6
Suppose 17*v - 6 = 11. What is the highest common factor of 13 and v?
1
Let j = -4 - -2. Let a = j + 2. Suppose -5*i + 25 = 0, 5*u - i + a*i = 60. Calculate the greatest common divisor of u and 143.
13
Let c = -42 + 49. What is the greatest common factor of c and 49?
7
Let y be 4 - 5/10*-8. Calculate the highest common factor of 4 and y.
4
Suppose 5*j = 263 + 12. Calculate the highest common divisor of j and 22.
11
Let n be (2/5)/((-8)/(-360)). What is the greatest common divisor of 90 and n?
18
Let z = 5 + -2. Suppose 2*j - 160 = -z*j. What is the highest common divisor of j and 4?
4
Let c be (12/(-2))/((-8)/44). Let z = -28 + 50. Calculate the highest common factor of c and z.
11
Let t = -187 + 202. Let w = -3 - -6. Let d be -15*(4/2 - w). What is the highest common factor of d and t?
15
Suppose -z + 6*z = -5*h + 75, 0 = -3*z + 6. Let s = 0